+ (-1 - 3) + -10?
-2
What is -11 + (-65 - 16 - -99)?
7
What is 33 + -16 + -54 - (-10 + 2) - (-1 + -9)?
-19
What is 6 - (-1 + (14 - 1) + 0 + 0)?
-6
What is -15 + 47 + -23 - (10 - -99) - (13 - 0)?
-113
What is the value of (-138 - -132) + (0 - 8) - (-3 - 0)?
-11
Evaluate (-440 + 426 - (11 + -2)) + -46.
-69
What is the value of -3 + (-42 - (-29 - 43))?
27
-20 - ((-2 - -12) + (5 - (-9 - -27)))
-17
What is -2 + -9 - (15 + -41)?
15
What is 10 + 12 + (-3 - -4) - 13 - 137?
-127
What is the value of -6 - (3 - (-16 + 0 - -16)) - 15?
-24
Evaluate (1 + 1 - 2) + 0 - (-75 + -105 + 172).
8
What is the value of 12 + 0 + 26 + -19 - 24?
-5
-1 - (-13 + (-1 - -12) - 9) - -5
15
Calculate 64 + -1 + -78 - 6.
-21
Calculate -12 + 18 - (-53 - 13) - (-2 - (-5 + -8)).
61
What is ((-23 - (-16 - 2)) + -16 - -20) + -45 + 0?
-46
What is the value of 46 - (7 + (-13 - (-8 + -3)) - 0)?
41
Calculate -7 + 28 + -72 + (2 - -31).
-18
What is 2377 - 2237 - (126 + 0)?
14
What is the value of 5 + (6 - 5) + (14 - ((12 - -46) + -15))?
-23
Calculate -22 + (-9 - ((-7 - 35) + 15)).
-4
Evaluate (-10 + 14 + -37 - -17) + 61.
45
Calculate (-33 - (38 + -49 - 67)) + (-19 - -1).
27
Evaluate (-1 - 4) + (-1373 - -1355) + 31.
8
What is -2 + (67 + -23 - 48)?
-6
Evaluate (34 - 77) + -18 + 52.
-9
13 + (-58 - -15 - -32)
2
Evaluate 0 - (14 + 5 + -11) - -17 - (-3 + 39).
-27
What is (-45 - -3) + -469 + 449?
-62
What is the value of 26 - -1 - ((84 - 103) + 13)?
33
What is the value of -27 + (-18 - (-28 - (-33 + 4)))?
-46
Evaluate 196 - 91 - (-10 + 23 + -17 + 9).
100
Evaluate (0 - -9) + 22 + -80 + 64.
15
What is the value of 12 - 11 - (-89 + 97 + 0 + -36)?
29
What is 38 + (-13 - (-12 + 18)) + -26?
-7
Calculate -27 - ((3 - -2) + (0 - 31 - -9)).
-10
What is -13 + 12 - -13 - (-12 + 17) - -11?
18
Calculate -10 + -2 + -5 + -29 + 32 + 57.
43
What is the value of -7 + (-2 - -30) + (-565 - -555)?
11
What is the value of 36 - (11 + -16) - 75?
-34
-11 - -25 - (15 - 18 - (-4 + -2)) - 58
-47
Calculate -19 + 0 + (-2 - -21) - -32.
32
What is the value of (-3 - -30 - -51) + -37?
41
What is the value of (13 - -24 - 4) + -16?
17
What is (7 - 2) + -21 + (-40 - -103)?
47
What is the value of -22 + 5 + 7 + 3 + (15 - 19) - 100?
-111
What is (-10 - (-12 - 0)) + -8 - (-1 + -2)?
-3
Calculate -105 + (-108 + -56 - -376).
107
Calculate -10 - 1 - (-59 - -88 - 44) - -23.
27
(-126 - -118) + (16 - 14) + -18 + 0
-24
Evaluate 149 + -95 + -77 + 42.
19
What is the value of 24 - (-2 - (-30 + 2 + 17))?
15
Calculate (1 - 24) + 15 + 13 + 16.
21
(377 - 245) + (-1 - 43) - -40
128
61 - (16 - 66 - -13) - (-1 + 10)
89
Calculate -49 + (-75 - (71 + -166)).
-29
What is 9 + (-17 - -11) + -5 + -3 + 7 + -4?
-2
What is -19 + -22 + (-1 - (-7 - 12) - 41)?
-64
Calculate 90 - (-241 - -229 - (3 + 6 + -4 + -4)).
103
Calculate 22 + 11 - 3 - -3.
33
Evaluate 14 - -1 - ((-6 - (13 + -36)) + -8).
6
Calculate (9 - (-5 - (-18 + -3))) + 12 - 18.
-13
What is the value of -11 + 24 + -40 - (47 + -25)?
-49
Evaluate 12 + (-1 + -7 - 17) - ((2 - 2) + -50).
37
Calculate (-45 - -4) + 4 + 14 + (-21 - -14) + -15.
-45
Evaluate (29 + -7 - -5 - 28 - (13 - -1)) + -86.
-101
Evaluate (33 + -54 - -4) + (39 - 3).
19
Evaluate 13 - (2 - 7) - ((-8 - -5) + 73).
-52
Evaluate (11 - (5 + -4 - -5)) + (-161 - -144) + -22.
-34
What is 4 - ((-15 - -30) + -25 + -19)?
33
(0 - -17 - 24) + (29 - 142)
-120
What is (-2 + (0 + -11 - -16) - 9) + -3 + -5?
-14
-8 + (-56 - (-7 - (-12 - -15))) - -10
-44
What is -68 + 51 - (-3 + (0 - -2) - -6) - 7?
-29
What is -32 + 12 + (-16 - -81) - 20?
25
Evaluate 13 - ((-16 - -32) + 43 + -10) - -12.
-24
42 + -30 + -36 + 55
31
45 + -89 + (-18 - -7)
-55
26 - (-7 - 115 - -139)
9
What is -1 - -27 - (5 + (12 - (17 - 11)))?
15
Evaluate (-20 - -136) + -42 - (-15 - -25 - (2 - -3)).
69
Evaluate 52 + 10 + -17 + 6 + 13 - (14 - 2).
52
What is -161 + 153 - (10 - (-53 + 12))?
-59
-59 + 38 + 2 - (-19 + -6) - (-2 + 58)
-50
61 - (-41 - -28) - (5 - 5 - 11)
85
Calculate -26 - (-24 + 85 + -41).
-46
13 + (25 - 20 - (-12 + -3))
33
(-1 - 41 - -34) + 19
11
Calculate -1471 + 1385 - (-46 + -1).
-39
Evaluate 0 - -48 - ((599 - 591) + -8 + (-3 - -2)).
49
Calculate 15 - -201 - (304 - 185).
97
3 + -11 + (15 - -5) + 17
29
Calculate -35 - (-42 + -2 + 33).
-24
Calculate (-117 - -143) + -5 + 0 + -49.
-28
What is the value of -9 - (-33 + 48) - -31?
7
Evaluate (0 - -9) + (-139 - -140) + (-6 - 135).
-131
Calculate 56 - ((-5 - 29) + 36 + -32).
86
Calculate (-61 - -19) + 36 + 25 + 64.
83
What is the value of -39 - (3 + (4 + -1 - 1) - (62 - 60))?
-42
Calculate -33 + (-43 - -20) + -142 + 95.
-103
Calculate (-1 - -37) + (3 - 21 - (-534 - -517)).
35
73 + (-952 + 947 - (28 + 0))
40
(-56 - -20 - -24) + 56 - 24
20
Calculate (8 - -2) + (-50 - (-12 + 14)) - -13 - 9.
-38
What is (-16 - 0) + (-5 - (5 - 3 - 13))?
-10
What is -10 + (52 - (14 - 2))?
30
Evaluate 323 + -414 + 10 + -13 + -13.
-107
What is the value of 13 + -32 + 1 + (-742 - -761)?
1
Evaluate -43 + (124 - 34) + -25.
22
What is 13 - (-1 + 1 - -4) - (353 - 297)?
-47
Evaluate (-47 - 4) + 8 - (20 + -183).
120
Calculate -1 - -1 - 149 - (225 + 239 + -472).
-141
Calculate 14 - (-21 - 3 - -52).
-14
-10 + 5 + 26 + -47
-26
What is the value of (1 - -4 - 2) + (7 - (7 - -8)) + -6?
-11
Calculate -5 - (-28 + 2 + (-304 - -320)).
5
Evaluate (23 - (-3 + -16 + 46)) + (-1 + 61 - 2).
54
Calculate -47 + (50 - 73 - (7 + -32)).
-45
Calculate 106 + (-13 + 121 - 233).
-19
(3 - 25) + 8 - (-16 + (-5 - -6))
1
Evaluate -108 - (8 + (40 - 24) + -35).
-97
What is the value of (-8 - (-24 - -38)) + 4 + -32?
-50
Calculate 17 + (27 - -2) - (-73 - -62).
57
(26 + -29 - 61) + 120
56
Calculate -107 - (-24 + (34 - 68)).
-49
What is the value of -37110 + 37166 - (43 + (1 - 1))?
13
Calculate 4 + (7 - 10) - 87 - (1 - (11 - 5)).
-81
(-26 - 0) + (22 - 4 - (-2 - -26)) + 6
-26
Evaluate (202 - 175 - (-30 - -1)) + 2 + (2 - 3).
57
Evaluate (90 - 25) + 19 - 58.
26
Evaluate -74 + (40 - 12) - -5.
-41
What is the value of (-72 - -45) + 1 + -5 + 61?
30
-74 + (130 + -85 - -19)
-10
What is the value of (-3 - -30) + 12 + -34 + (-92 - -1)?
-86
What is the value of -18 - (-9 + (-12 - (-3 - -2 - -14)))?
16
6 - 16 - (-3 + (7 + 68 - 10))
-72
What is the value of 45 + (-33 - -75 - 130) + (-3 - 9)?
-55
What is the value of -14 + 37 + -8 + -41?
-26
What is (-1 - 25) + (-120 - -47) + 59?
-40
What is the value of 4 - -4 - (-1325 + 1292)?
41
Calculate (38 + 2 - 25) + -2 - -40.
53
Calculate -15 + -1 - ((-47 - -25) + 28 + 1 + -6).
-17
Calculate -3 + -2 + 55 + 16 + (-38 - -13).
41
What is the value of -22 + 69 + -26 + -9 + -4?
8
Calculate (10 - 19) + -34 - 5.
-48
(-14 - 2) + -53 + 42 + -27 - (6 - 0)
-60
Calculate (-97 - -116) + 0 + 4 + (-12 - -2) - 98.
-85
Evaluate -5 - -5 - (-8 + 50 + 1 + -10).
-33
-39 + -37 + (-2 - -7 - (-9 + (-4 - -11)))
-69
What is 0 + -10 - (-2742 - -2833)?
-101
54 - ((42 - -21) + -51) - 114
-72
Evaluate (32 + -31 - (1 - (-1 + 1))) + -879 + 832.
-47
Evaluate -15 - -60 - (-11 - (-7 - -3)).
52
What is the value of (-11 - (-16 + -56)) + (2 + -2 - 1) + -3?
57
Evaluate (-25 + 55 - 35) + -72.
-77
What is the value of (19 - 54) + 31 + 26 - -21?
43
Evaluate (14 + -2 - (2 + 6)) + -33 + -10.
-39
Evaluate (-229 - -168) + 179 + (-3 - -7).
122
Evaluate -13 + -31 - -44 - (4 + -57).
53
Evaluate 1 - (2 + 87) - (-352 - -113 - -256).
-105
Calculate 6 - (5 + -7) - (124 - (-17 + 10) - 5).
-118
Calculate -32 - (26 + -70 + 34).
-22
What is the value of -36 - ((3 + -2 - -16) + 1)?
-54
What is the value of -4 + 15 + (12 - 32 - -28)?
19
What is the value of -7 + (2 - (-8 - 1)) - 3 - -46?
47
Evaluate -18 - (3 + -1 + (-18 - 28) + 38).
-12
3 - (-2 + (3 - 5)) - (494 + -409)
-78
52 + ((63 - 50) + -7 + -2 - -16)
72
(-57 - -236) + -7 + -133
39
What is the value of -131 - -177 - (25 + 44)?
-23
(-16 - (-8 + -20)) + -124 + 152
40
Calculate 22 + 0 + 26 + -79 + 52.
21
Calculate -86 + 75 + -85 - -57.
-39
Calculate 0 - ((141 - 108) + 1 + 24).
-58
Calculate 0 + (126 + -87 - (2 + 5 - (1 + -1))).
32
(3918 - 3966) + (0 - -29)
-19
What is the value of (2 - 35) + (-116 - (134 + -238))?
-45
Calculate 41 - 4 - 0 - -10 - (-8 + -1).
56
Evaluate (-17 - -4) + -4 + (-47 - (-59 + 4)).
-9
34 + -76 + (32 - 5) - -8
-7
What is (71 - (129 - 58)) + -54?
-54
Calculate 46 + (-4 - (-34 + 14 + -16)).
78
What is -51 - (-9 + 36 + -5 + -2)?
-71
Calculate 78 + -86 + (-9 - (12 + (